 to base 10
-74496
Convert -10101000100111011111 (base 2) to base 6.
-22445251
Convert 12258b (base 13) to base 11.
276996
What is 107688 (base 9) in base 16?
fcce
What is -732518 (base 11) in base 9?
-2180173
What is 1034200341 (base 5) in base 2?
1000100110110111011010
What is 5a8098 (base 14) in base 11?
182465a
What is -4b016 (base 16) in base 15?
-61067
-2413c (base 13) to base 9
-110637
What is -1444b (base 16) in base 10?
-83019
Convert a9024 (base 11) to base 3.
22001022020
Convert e298c (base 16) to base 15.
135010
Convert 54b7e (base 15) to base 6.
5434215
Convert -101010101111111110 (base 2) to base 8.
-525776
102232313 (base 5) to base 10
430333
Convert 401957 (base 10) to base 9.
672338
Convert -1013113011 (base 4) to base 2.
-1000111010111000101
398bb4 (base 14) to base 4
13210033322
Convert 122122021101 (base 3) to base 8.
1246103
What is 1c22cd (base 16) in base 8?
7021315
Convert 569a7 (base 13) to base 15.
31a9a
-c6306a (base 13) to base 9
-8642041
What is -41340304 (base 6) in base 16?
-123c10
What is 45300a3 (base 12) in base 6?
1152000323
-8508880 (base 9) to base 2
-10001010111101001101101
What is -1110011111100110110001 (base 2) in base 5?
-1433040343
Convert 100011111110110110100 (base 2) to base 8.
4376664
What is -b398a3 (base 12) in base 9?
-5262066
Convert 1584182 (base 12) to base 11.
25381a7
Convert -785373 (base 9) to base 10.
-469785
-5bca1 (base 13) to base 10
-169131
What is 11121120221 (base 3) in base 9?
147527
-100121220110111 (base 3) to base 8
-23407522
Convert -142313233 (base 5) to base 6.
-23544122
Convert 409d7 (base 15) to base 2.
110001111110110111
Convert db10d (base 14) to base 15.
a6ea1
-12513121 (base 6) to base 16
-651a9
Convert -2849 (base 14) to base 11.
-5394
2974d (base 16) to base 12
82325
24333132 (base 5) to base 11
148130
Convert 853493 (base 10) to base 4.
3100113311
Convert -100110100110100011110 (base 2) to base 14.
-24cd9c
What is 56003451 (base 7) in base 2?
10010011001111100100110
Convert -13395906 (base 10) to base 4.
-303012133002
Convert -5b46 (base 15) to base 9.
-28563
What is -660100 (base 9) in base 3?
-202000010000
Convert 148276 (base 15) to base 7.
11260440
Convert 890c5 (base 13) to base 16.
3ca66
Convert 359d5 (base 14) to base 13.
47789
Convert 4ab72 (base 16) to base 15.
60a24
What is 13266204 (base 8) in base 11?
1753653
Convert -124342000 (base 5) to base 9.
-1146475
What is 40b32 (base 14) in base 16?
260d8
-553d5 (base 16) to base 15
-6d6b1
-81dc7 (base 15) to base 8
-1443537
What is -8948696 (base 11) in base 4?
-323313003112
What is 22755111 (base 8) in base 6?
254314133
What is 241475 (base 8) in base 13?
2b884
b9054 (base 12) to base 8
734000
Convert 12049a (base 11) to base 5.
22102201
What is b2b956 (base 12) in base 13?
770013
1242b58 (base 13) to base 9
11632143
What is 525781 (base 9) in base 8?
1142514
Convert -2355a (base 11) to base 10.
-33945
Convert -4157b (base 15) to base 4.
-302210030
-20103000 (base 5) to base 2
-100111000000000110
3b84d3 (base 14) to base 6
112044133
Convert -101100000011000101111 (base 2) to base 11.
-8a647a
57145 (base 11) to base 5
10121232
What is -681443 (base 10) in base 6?
-22334455
What is 11511430 (base 6) in base 11?
23092a
Convert -14434564 (base 7) to base 15.
-1c0edd
32b280 (base 12) to base 2
11000101000111000000
What is 10011001001011001101101 (base 2) in base 11?
2919040
19464 (base 15) to base 6
1431334
-2300414 (base 7) to base 11
-185903
Convert -10101000101001100111 (base 2) to base 4.
-2220221213
Convert -13a2a (base 12) to base 16.
-6b02
Convert 1a06942 (base 12) to base 16.
53b5c2
-100031100112 (base 4) to base 12
-150a81a
Convert -2982436 (base 10) to base 8.
-13301044
Convert -1010000101100101100 (base 2) to base 11.
-206381
384122 (base 9) to base 8
706314
-124550343 (base 6) to base 10
-2471607
What is 115111646 (base 7) in base 15?
972448
What is 243543401 (base 6) in base 3?
22202221112101
-100101111100101011 (base 2) to base 13
-55997
593326 (base 10) to base 9
1103801
-1422304023 (base 5) to base 16
-38a7f5
Convert c36a3 (base 15) to base 6.
21134200
12d6986 (base 15) to base 8
63656615
Convert -ca32c3 (base 14) to base 12.
-2362363
What is 23214014 (base 5) in base 9?
350678
Convert -3a3a7a (base 13) to base 16.
-157b7f
-1504055 (base 6) to base 4
-111012203
Convert -22a528 (base 12) to base 2.
-10001000000001110000
Convert 11001010111001101000 (base 2) to base 10.
831080
What is -101b835 (base 12) in base 6?
-144513305
What is -3001110 (base 6) in base 5?
-13441401
What is -108244 (base 15) in base 4?
-3000013021
What is -44919 (base 11) in base 12?
-31745
What is 21423366 (base 7) in base 2?
111000000101110100101
1632124 (base 9) to base 12
378a57
What is 3723624 (base 8) in base 14?
1c9c56
What is -2b484 (base 12) in base 3?
-10002220001
What is cc1c9b (base 14) in base 13?
1583a55
What is 127060 (base 9) in base 12?
38900
What is 1040040310 (base 6) in base 3?
210002011021020
1215255 (base 8) to base 4
1101222231
Convert -1110210012 (base 3) to base 16.
-714b
Convert -2032111303 (base 4) to base 5.
-122124102
-2323033 (base 5) to base 13
-16315
1011044443 (base 5) to base 7
23265446
354125423 (base 6) to base 11
3823328
Convert 5bb5c (base 14) to base 12.
a9b06
-d22d (base 15) to base 11
-30375
176463 (base 14) to base 2
11001001001100000111
What is a12792 (base 11) in base 4?
12031221121
7fd1b9 (base 16) to base 15
b0700b
6540322 (base 7) to base 2
11000011001111010000
What is 8230 (base 14) in base 15?
6976
What is -154630144 (base 7) in base 15?
-db995d
Convert -143140031 (base 6) to base 5.
-1223433212
-2132110240 (base 5) to base 6
-241512212
What is -ddd3 (base 16) in base 14?
-169a3
What is 2024014 (base 6) in base 12?
4800a
What is -235532 (base 8) in base 3?
-11002202000
Convert 1819d (base 16) to base 7.
560543
-20100020102 (base 3) to base 5
-12443312
What is 340992 (base 12) in base 15?
11629b
-2b36bd (base 14) to base 10
-1507799
Convert -11201100022200 (base 3) to base 14.
-493664
11311442 (base 7) to base 8
3626427
Convert -356333 (base 7) to base 3.
-10021200122
Convert 30332201 (base 4) to base 13.
1b269
What is -35255443 (base 6) in base 8?
-4135263
What is 544313 (base 9) in base 10?
324660
Convert -211112000212 (base 3) to base 6.
-13300035
-3000122330 (base 5) to base 7
-100562321
-160a2 (base 11) to base 13
-a472
-34536 (base 15) to base 6
-3323023
-233272 (base 9) to base 6
-3001015
Convert -50545515 (base 6) to base 2.
-101100000110010010111
What is -102400221 (base 5) in base 13?
-122982
-47f2a (base 16) to base 7
-2335115
What is 32403322 (base 5) in base 6?
5545431
23003212232 (base 4) to base 2
1011000011100110101110
What is aa925 (base 15) in base 5?
114321220
What is -1010132310 (base 4) in base 12?
-1163b0
Convert -1330313023 (base 4) to base 8.
-1746713
10111101011011011 (base 2) to base 4
113223123
Convert -2000220231 (base 4) to base 3.
-222202202120
Convert -53241155 (base 7) to base 8.
-21161010
Convert -920393 (base 10) to base 9.
-1652478
467570 (base 10) to base 12
1a6702
What is 20025112 (base 7) in base 4?
12103232131
Convert -1010211121212201 (base 3) to base 15.
-168ad0a
What is -245624 (base 8) in base 10?
-84884
-389000 (base 11) to base 15
-c1625
303450502 (base 6) to base 12
18b6a32
What is 1440342111 (base 5) in base 11?
2193295
-343233442 (base 6) to base 12
-2148882
-431605 (base 9) to base 8
-766113
-103332515 (base 6) to base 2
-111000011000001111111
What is -11056124 (base 7) in base 12?
-3a0a22
-27760266 (base 9) to base 8
-64321714
What is 7634c (base 13) in base 15?
434a5
What is 183bce4 (base 15) in base 7?
303041464
Convert 1033030012 (base 4) to base 14.
862c6
Convert -436518 (base 9) to base 16.
-3fa43
What is 121021122 (base 4) in base 10?
103002
-2130100011 (base 4) to base 11
-3a7933
Convert 1200010321 (base 4) to base 7.
3226213
Convert -226410 (base 9) to base 7.
-1104201
4314520 (base 6) to base 15
42d89
Convert 111101100010110000100 (base 2) to base 15.
29c7ce
1000000011001000 (base 2) to base 9
50201
16504 (base 15) to base 16
11944
What is -2916640 (base 11) in base 6?
-255302042
Convert -2a6658 (base 11) to base 16.
-74867
What is -71b5 (base 13) in base 6?
-200400
Convert 2271665 (base 10) to base 14.
431c1b
What is 1